v + 1. Determine m(2).
-145
Let h(c) = 2*c**2 - 34*c - 218. What is h(22)?
2
Let d(z) = -z**3 - 64*z**2 - 294*z + 70. Determine d(-59).
11
Let n(l) = 2*l**3 + 128*l**2 - 4*l - 203. Determine n(-64).
53
Let l(k) = 1487*k + 41632. Give l(-28).
-4
Let v(s) = s**3 - 15*s**2 - 27*s - 86. What is v(17)?
33
Let n(l) = -l**3 + 34*l**2 - 32*l + 250. What is n(33)?
283
Let h(v) = v**3 - 91*v**2 - 187*v + 94. What is h(93)?
1
Let k(c) = -178*c + 528. Calculate k(5).
-362
Let k(u) = -10*u**3 + u**2 - 15*u + 15. Determine k(1).
-9
Let w(c) = -3*c**2 - 279*c - 270. What is w(-92)?
6
Let m(f) = 5*f**2 + 34*f - 28. Calculate m(-16).
708
Let j(s) = -12*s**2 + 46*s - 50. What is j(1)?
-16
Let x(s) = -s**2 + 31*s + 140. Calculate x(27).
248
Let z(n) = -n**3 + 23*n**2 + n + 2866. What is z(27)?
-23
Let r(w) = 7*w**2 + 26*w + 45. What is r(-6)?
141
Let q(l) = -10*l**2 - 622*l + 524. What is q(-63)?
20
Let d(c) = 13*c**2 + 12*c + 10. Determine d(-8).
746
Let l(k) = -13*k - 38. Calculate l(-11).
105
Let v(m) = 21*m - 836. Give v(41).
25
Let c(j) = -2963*j - 15. Calculate c(0).
-15
Let q(f) = -32*f**2 + 671*f + 22. Give q(21).
1
Let h(q) = 175*q - 1560. Give h(9).
15
Let o(g) = g**3 - 76*g**2 - 42*g + 8778. What is o(75)?
3
Let m(v) = -3*v**3 + 39*v**2 - 28*v + 21. What is m(12)?
117
Let d(s) = -s**3 - 29*s**2 + 27*s - 103. What is d(-30)?
-13
Let d(c) = c**3 + 10*c**2 + 11*c + 24. What is d(-4)?
76
Let o(y) = 32*y**3 - y**2 + 13*y - 13. Calculate o(1).
31
Let y(q) = -q**3 - 15*q**2 - 42*q + 10. Calculate y(-4).
2
Let n(y) = y**3 + 111*y**2 + 731*y + 94408. Give n(-112).
-8
Let l(j) = 6*j + 62. Give l(-12).
-10
Let r(n) = -n**3 + 11*n**2 - 14*n + 17. Determine r(10).
-23
Let j(f) = 31*f**3 + 309*f**2 - 13*f - 25. What is j(-10)?
5
Let n(l) = 183*l + 1055. Determine n(-7).
-226
Let x(h) = -6*h + 168. Calculate x(0).
168
Let y(s) = s**3 + 20*s**2 + 77*s - 42. Calculate y(-15).
-72
Let n(a) = 6*a**3 + 36*a**2 - 52*a - 71. Give n(-7).
-1
Let o(r) = 4*r**3 - 28*r**2 - 33*r + 242. What is o(7)?
11
Let n(m) = -3*m**2 - 50*m - 8. Give n(-16).
24
Let d(k) = -k**2 + 46*k + 122. What is d(-3)?
-25
Let x(r) = r**3 - 50*r**2 - 128*r + 1254. What is x(52)?
6
Let x(k) = -4*k**2 - 36*k + 165. Give x(-12).
21
Let g(a) = 757*a - 18154. What is g(24)?
14
Let j(u) = -4*u**3 + 13*u**2 + 26*u - 66. Give j(4).
-10
Let w(v) = -v**3 - 110*v**2 + 6*v + 642. Calculate w(-110).
-18
Let r(v) = -271*v + 4868. Give r(18).
-10
Let b(f) = -31*f**2 - 22*f - 21. Give b(-1).
-30
Let u(d) = -665*d - 23957. Give u(-36).
-17
Let a(y) = -21*y**2 + 15*y + 5. What is a(-2)?
-109
Let m(o) = 66*o**2 - 4625*o + 360. What is m(70)?
10
Let z(t) = -t**3 - 24*t**2 - 8*t - 184. What is z(-24)?
8
Let i(c) = -48*c - 251. Calculate i(-5).
-11
Let i(h) = -9*h**2 + 173*h - 568. Determine i(4).
-20
Let j(q) = q**2 + 822*q + 23744. Give j(-30).
-16
Let x(c) = -2*c**3 + 35*c**2 + 48*c + 26. What is x(19)?
-145
Let m(s) = -s + 84. Determine m(40).
44
Let b(h) = -54*h - 114. What is b(-4)?
102
Let y(l) = -12*l + 858. Give y(71).
6
Let l(o) = -3*o**3 - 289*o - 583. Give l(-2).
19
Let c(i) = -6*i**3 + 85*i**2 + 34*i + 6. Calculate c(15).
-609
Let d(j) = -2*j**3 - 3*j**2 + 890*j - 886. Give d(1).
-1
Let q(f) = -113*f + 577. Calculate q(4).
125
Let h(j) = 9*j**2 - 45*j + 5. Determine h(5).
5
Let h(k) = -11*k - 42. Calculate h(40).
-482
Let c(b) = 23*b**2 + 15*b - 1. What is c(-2)?
61
Let g(a) = -5*a**2 - 74*a - 13. Calculate g(-15).
-28
Let k(n) = -2*n**3 - 8*n**2 + 29*n + 62. What is k(-6)?
32
Let y(d) = -270*d + 875. Calculate y(3).
65
Let d(k) = -53*k**3 + 3392*k**2 + 10*k - 648. Give d(64).
-8
Let y(l) = l**3 + 4*l**2 - 12*l + 11. Give y(-8).
-149
Let s(f) = -f**3 + 24*f**2 - f + 116. Determine s(24).
92
Let u(i) = 48*i - 1337. Calculate u(28).
7
Let z(d) = 23*d**3 - 323*d**2 + 57*d - 595. What is z(14)?
7
Let q(h) = -2986*h + 101522. Determine q(34).
-2
Let q(r) = -r**3 + r**2 + 30*r + 63. What is q(-3)?
9
Let r(n) = -8854*n - 115096. Give r(-13).
6
Let g(s) = -116*s - 703. Determine g(-7).
109
Let q(j) = 45*j**2 + 44*j + 119. Calculate q(-3).
392
Let g(q) = 2*q**2 - 14*q - 30. Calculate g(10).
30
Let f(c) = -11*c**2 - 94*c + 297. Calculate f(-11).
0
Let b(f) = 4*f**2 - 190*f + 111. Determine b(46).
-165
Let o(x) = 2*x**3 - 113*x**2 + 54*x + 57. Give o(56).
-55
Let m(c) = -c**2 + 53*c - 317. Give m(12).
175
Let x(b) = b**2 + 26*b - 40. What is x(-24)?
-88
Let t(h) = -91*h - 447. Give t(-4).
-83
Let c(n) = -6*n**2 + 43*n - 24. Determine c(6).
18
Let r(b) = -11*b**2 - 37*b - 35. Calculate r(-1).
-9
Let r(p) = -14*p**2 - 14*p - 25. Determine r(-3).
-109
Let w(v) = 4*v**2 + 20*v + 19. What is w(-6)?
43
Let z(r) = -11*r + 373. What is z(21)?
142
Let m(j) = -23*j**2 - 149*j + 10. Calculate m(-8).
-270
Let m(w) = 3*w**3 - 7*w**2 + 243*w - 935. Give m(4).
117
Let y(z) = -15*z + 644. Give y(47).
-61
Let k(l) = -13*l - 253. Calculate k(21).
-526
Let d(q) = 3*q + 51. Determine d(-28).
-33
Let f(p) = 22*p + 387. Give f(-18).
-9
Let y(m) = 63*m + 451. What is y(-7)?
10
Let l(a) = -a**2 + 281*a - 4496. Determine l(17).
-8
Let i(h) = 2*h**2 - 37*h - 33. Give i(16).
-113
Let b(i) = 3*i**3 + 151*i**2 - 101*i + 39. Give b(-51).
-12
Let y(i) = 6*i - 1. Determine y(-3).
-19
Let u(b) = b**3 + 5*b**2 - 57*b - 17. Determine u(7).
172
Let y(u) = -2*u**3 - 105*u**2 - 25*u + 1422. Calculate y(-52).
18
Let u(p) = -p**3 + 27*p**2 + 36*p - 11. Determine u(28).
213
Let m(w) = -8*w + 20. What is m(44)?
-332
Let q(t) = -1018*t - 6190. What is q(-6)?
-82
Let r(h) = -h**2 - 26*h - 208. Give r(-18).
-64
Let s(b) = b**3 + 44*b**2 - 5*b + 156. Calculate s(-44).
376
Let i(v) = -2767*v - 16600. Determine i(-6).
2
Let f(l) = -l**3 - 27*l**2 + 11*l - 401. Calculate f(-28).
75
Let i(o) = -30*o - 419. Calculate i(-15).
31
Let w(n) = -3*n**3 + 34*n**2 - 67*n + 13. Calculate w(9).
-23
Let j(p) = -194*p + 7765. Give j(40).
5
Let h(z) = 30*z**2 - 486*z + 106. Determine h(16).
10
Let h(i) = -3*i**2 - 155*i - 808. Give h(-46).
-26
Let o(v) = -36*v - 263. Give o(-7).
-11
Let y(d) = -4*d**2 - 21*d + 8. Determine y(-6).
-10
Let o(z) = -z**2 + 73*z - 828. What is o(14)?
-2
Let s(v) = 2*v**2 + 185*v - 97. Give s(-93).
-4
Let j(x) = x**3 - 10*x**2 - 36*x + 278. What is j(11)?
3
Let l(r) = r**3 - 36*r**2 + 34*r + 37. Determine l(35).
2
Let b(h) = 146*h + 395. What is b(-3)?
-43
Let i(n) = -5*n**3 - 7*n**2 - 5*n - 6. Give i(-4).
222
Let i(x) = -875*x - 3586. Give i(-4).
-86
Let j(k) = -k**3 - 17*k**2 - 263*k - 4474. What is j(-17)?
-3
Let o(j) = -2*j**3 - 651*j**2 + 6023*j - 23. Give o(9).
-5
Let d(s) = s**3 + 7*s**2 + 105*s - 12. Give d(0).
-12
Let u(w) = w**3 + 3*w**2 - 16*w - 1. Calculate u(-7).
-85
Let k(a) = -13*a**2 - 534*a - 46. What is k(-41)?
-5
Let l(d) = -3*d**2 + 281*d + 343. Calculate l(95).
-37
Let m(t) = t**3 + 23*t**2 + 139*t + 84. Calculate m(-11).
7
Let j(s) = -s**3 - 7*s**2 + 116*s - 8. Give j(-13).
-502
Let g(i) = -5*i**2 + 138*i - 17. Calculate g(14).
935
Let q(d) = -d**2 - 823*d + 4. Determine q(0).
4
Let m(a) = 11*a**2 - 75*a + 89. Determine m(6).
35
Let j(g) = -g**2 + 42*g + 131. What is j(35)?
376
Let f(u) = -207*u + 182. Calculate f(1).
-25
Let u(g) = 98*g + 41. What is u(2)?
237
Let v(l) = -l**3 - 21*l**2 - 72*l + 21. Calculate v(-15).
-249
Let h(d) = 15*d + 236. Give h(-10).
86
Let x(w) = -2*w**2 + 70*w + 232. What is x(-3)?
4
Let w(n) = 6626*n + 139151. Calculate w(-21).
5
Let u(q) = -4*q**2 - 376*q - 8. Determine u(-94).
-8
Let y(r) = 363*r + 21063. Determine y(-58).
9
Let r(o) = -o**2 + 6*o + 99. What is r(11)?
44
Let a(u) = 3*u**2 + 91*u + 417. What is a(-5)?
37
Let o(r) = 4*r**3 + 35*r**2 - 71*r + 6. Determine o(2).
36
Let h(a) = -1163*a - 1141. Give h(-1).
22
Let p(i) = 9*i + 196. Calculate p(-20).
16
Let i(r) = -22*r**2 + 166*r + 290. Determine i(9).
2
Let h(j) = 1694*j - 67760. What is h(40)?
0
Let c(k) = -2*k**3 - 26*k**2 - 4*k - 59. Calculate c(-13).
-7
Let i(v) = v**3 - 30*v**2 + 54*v - 30. Give i(28).
-86
Let p(a) = -a**3 - 17*a**2 - 22*a - 97. Give p(-16).
-1
Let q(d) = -d**2 - 908*d + 4564. Determine q(5).
-1
Let c(a) = -2*a**3 - 2*a**2 - 15*a - 7. Determine c(0).
-7
Let c(b) = -6*b**3 - b + 116. Calculate c(0).
116
Let j(f) = -9*f**2 + 49*f + 319. Calculate j(-8).
-649
Let o(w) = 91*w - 8160. Give o(92).
212
Let m(d) = 5*d**2 + 4*d -